{"id":98,"date":"2022-08-05T10:02:42","date_gmt":"2022-08-05T08:02:42","guid":{"rendered":"http:\/\/courage.mb-creations.de\/?page_id=98"},"modified":"2022-09-08T14:55:47","modified_gmt":"2022-09-08T12:55:47","slug":"hufschmied","status":"publish","type":"page","link":"https:\/\/axel-courage.de\/index.php\/hufschmied\/","title":{"rendered":"Hufschmied"},"content":{"rendered":"<div id=\"pl-98\"  class=\"panel-layout\" ><div id=\"pg-98-0\"  class=\"panel-grid panel-no-style\" ><div id=\"pgc-98-0-0\"  class=\"panel-grid-cell\" ><div id=\"panel-98-0-0-0\" class=\"so-panel widget widget_text panel-first-child\" data-index=\"0\" >\t\t\t<div class=\"textwidget\"><\/div>\n\t\t<\/div><div id=\"panel-98-0-0-1\" class=\"so-panel widget widget_media_image panel-last-child\" data-index=\"1\" ><img loading=\"lazy\" decoding=\"async\" width=\"166\" height=\"660\" src=\"https:\/\/axel-courage.de\/wp-content\/uploads\/2022\/08\/left-2.png\" class=\"image wp-image-234  attachment-full size-full\" alt=\"\" style=\"max-width: 100%; height: auto;\" \/><\/div><\/div><div id=\"pgc-98-0-1\"  class=\"panel-grid-cell\" ><div id=\"panel-98-0-1-0\" class=\"so-panel widget widget_text panel-first-child\" data-index=\"2\" >\t\t\t<div class=\"textwidget\"><\/div>\n\t\t<\/div><div id=\"panel-98-0-1-1\" class=\"so-panel widget widget_text panel-last-child\" data-index=\"3\" >\t\t\t<div class=\"textwidget\"><p><b>HUFSCHMIED ist der Urspr\u00fcngliche und bis heute auch noch der Hauptbereich unserer t\u00e4glichen Arbeit. Im Hufschmied Bereich bieten wir folgende Leistungen an:<\/b><\/p>\n<ul>\n<li aria-level=\"1\"><b>Standard Beschlag<\/b><\/li>\n<\/ul>\n<ul>\n<li aria-level=\"1\"><b>Orthop\u00e4dischen Hufbeschlag<\/b><\/li>\n<\/ul>\n<ul>\n<li aria-level=\"1\"><b>Westernbeschlag<\/b><\/li>\n<\/ul>\n<ul>\n<li aria-level=\"1\"><b>Sportbeschlag<\/b><\/li>\n<\/ul>\n<p><b>Die Hufschmiede T\u00e4tigkeit bieten wir ihnen vor Ort oder in Langenfeld Reusrath in der Schmiede an.<\/b><\/p>\n<p>&nbsp;<\/p>\n<\/div>\n\t\t<\/div><\/div><div id=\"pgc-98-0-2\"  class=\"panel-grid-cell\" ><div id=\"panel-98-0-2-0\" class=\"so-panel widget widget_text panel-first-child\" data-index=\"4\" >\t\t\t<div class=\"textwidget\"><\/div>\n\t\t<\/div><div id=\"panel-98-0-2-1\" class=\"so-panel widget widget_media_image panel-last-child\" data-index=\"5\" ><img loading=\"lazy\" decoding=\"async\" width=\"166\" height=\"660\" src=\"https:\/\/axel-courage.de\/wp-content\/uploads\/2022\/08\/right-2.png\" class=\"image wp-image-235  attachment-full size-full\" alt=\"\" style=\"max-width: 100%; height: auto;\" \/><\/div><\/div><\/div><\/div>","protected":false},"excerpt":{"rendered":"<p>HUFSCHMIED ist der Urspr\u00fcngliche und bis heute auch noch der Hauptbereich unserer t\u00e4glichen Arbeit. Im Hufschmied Bereich bieten wir folgende Leistungen an: Standard Beschlag Orthop\u00e4dischen Hufbeschlag Westernbeschlag Sportbeschlag Die Hufschmiede T\u00e4tigkeit bieten wir ihnen vor Ort oder in Langenfeld Reusrath<\/p>\n","protected":false},"author":1,"featured_media":0,"parent":0,"menu_order":0,"comment_status":"closed","ping_status":"closed","template":"page-templates\/page-builder.php","meta":{"footnotes":""},"class_list":["post-98","page","type-page","status-publish","hentry"],"_links":{"self":[{"href":"https:\/\/axel-courage.de\/index.php\/wp-json\/wp\/v2\/pages\/98","targetHints":{"allow":["GET"]}}],"collection":[{"href":"https:\/\/axel-courage.de\/index.php\/wp-json\/wp\/v2\/pages"}],"about":[{"href":"https:\/\/axel-courage.de\/index.php\/wp-json\/wp\/v2\/types\/page"}],"author":[{"embeddable":true,"href":"https:\/\/axel-courage.de\/index.php\/wp-json\/wp\/v2\/users\/1"}],"replies":[{"embeddable":true,"href":"https:\/\/axel-courage.de\/index.php\/wp-json\/wp\/v2\/comments?post=98"}],"version-history":[{"count":4,"href":"https:\/\/axel-courage.de\/index.php\/wp-json\/wp\/v2\/pages\/98\/revisions"}],"predecessor-version":[{"id":299,"href":"https:\/\/axel-courage.de\/index.php\/wp-json\/wp\/v2\/pages\/98\/revisions\/299"}],"wp:attachment":[{"href":"https:\/\/axel-courage.de\/index.php\/wp-json\/wp\/v2\/media?parent=98"}],"curies":[{"name":"wp","href":"https:\/\/api.w.org\/{rel}","templated":true}]}}